{"id":1501,"date":"2026-04-03T19:28:40","date_gmt":"2026-04-03T16:28:40","guid":{"rendered":"https:\/\/almacorneaionescu.ro\/jury\/peter-tradnik\/"},"modified":"2026-04-13T17:53:15","modified_gmt":"2026-04-13T14:53:15","slug":"peter-tradnik","status":"publish","type":"page","link":"https:\/\/almacorneaionescu.ro\/en\/jury\/peter-tradnik\/","title":{"rendered":"Peter Tradnik"},"content":{"rendered":"<p>[et_pb_section fb_built=&#8221;1&#8243; admin_label=&#8221;Header&#8221; _builder_version=&#8221;4.27.4&#8243; background_enable_image=&#8221;off&#8221; background_size=&#8221;initial&#8221; background_repeat=&#8221;repeat&#8221; global_colors_info=&#8221;{}&#8221; theme_builder_area=&#8221;post_content&#8221;][et_pb_row custom_padding_last_edited=&#8221;off|phone&#8221; disabled_on=&#8221;off|off|off&#8221; _builder_version=&#8221;4.27.6&#8243; background_position=&#8221;bottom_center&#8221; custom_padding_tablet=&#8221;17vw||17vw||false&#8221; use_custom_width=&#8221;on&#8221; width_unit=&#8221;off&#8221; custom_width_percent=&#8221;100%&#8221; locked=&#8221;off&#8221; global_colors_info=&#8221;{}&#8221; theme_builder_area=&#8221;post_content&#8221;][et_pb_column type=&#8221;4_4&#8243; _builder_version=&#8221;4.16&#8243; custom_padding=&#8221;|||&#8221; global_colors_info=&#8221;{}&#8221; custom_padding__hover=&#8221;|||&#8221; theme_builder_area=&#8221;post_content&#8221;][et_pb_image src=&#8221;https:\/\/almacorneaionescu.ro\/wp-content\/uploads\/2026\/04\/Peter-Tradnik-copy.webp&#8221; title_text=&#8221;Peter Tradnik copy&#8221; align=&#8221;center&#8221; _builder_version=&#8221;4.27.6&#8243; _module_preset=&#8221;default&#8221; width=&#8221;320px&#8221; max_width=&#8221;320px&#8221; height=&#8221;320px&#8221; max_height=&#8221;320px&#8221; hover_enabled=&#8221;0&#8243; border_radii=&#8221;on|200px|200px|200px|200px&#8221; global_colors_info=&#8221;{}&#8221; theme_builder_area=&#8221;post_content&#8221; sticky_enabled=&#8221;0&#8243;][\/et_pb_image][et_pb_text _builder_version=&#8221;4.27.6&#8243; text_font=&#8221;||||||||&#8221; header_font=&#8221;|500|||||||&#8221; header_text_align=&#8221;center&#8221; transform_translate_linked=&#8221;off&#8221; max_width=&#8221;100%&#8221; max_width_tablet=&#8221;70%&#8221; max_width_last_edited=&#8221;off|phone&#8221; header_font_size_tablet=&#8221;&#8221; header_font_size_phone=&#8221;&#8221; header_font_size_last_edited=&#8221;on|phone&#8221; global_colors_info=&#8221;{}&#8221; theme_builder_area=&#8221;post_content&#8221;]<\/p>\n<h1 class=\"et_pb_module_header\" style=\"text-align: center;\">Peter Tradnik<\/h1>\n<p>[\/et_pb_text][\/et_pb_column][\/et_pb_row][et_pb_row _builder_version=&#8221;4.16&#8243; global_colors_info=&#8221;{}&#8221; theme_builder_area=&#8221;post_content&#8221;][et_pb_column type=&#8221;4_4&#8243; _builder_version=&#8221;4.16&#8243; custom_padding=&#8221;|||&#8221; global_colors_info=&#8221;{}&#8221; custom_padding__hover=&#8221;|||&#8221; theme_builder_area=&#8221;post_content&#8221;][et_pb_text _builder_version=&#8221;4.27.6&#8243; text_font=&#8221;||||||||&#8221; header_font=&#8221;||||||||&#8221; module_alignment=&#8221;center&#8221; global_colors_info=&#8221;{}&#8221; theme_builder_area=&#8221;post_content&#8221;]<\/p>\n<p class=\"p1\">He attended the Petro\u0219ani Middle School of Music, studying piano with professors Cristina Fenici and Natalia Amarie. He is a graduate of the \u201cSigismund Todu\u021b\u0103\u201d Art High School in Deva, where he studied piano with Doina Ona. In 2023, he completed his master\u2019s studies at the Faculty of Music and Theatre of the West University of Timi\u0219oara, where he studied piano in the class of Prof. Univ. Dr. habil. Manuela Mih\u0103ilescu. He is currently an associate lecturer and a doctoral candidate at the same institution.<\/p>\n<p class=\"p1\">Since 2022, he has been a piano teacher at the \u201cIon Vidu\u201d Art High School in Timi\u0219oara, and since 2024 he has been an associate lecturer at the Faculty of Music and Theatre of the West University of Timi\u0219oara.<\/p>\n<p class=\"p1\">He has an extensive activity both pedagogically and as a performer, giving numerous solo recitals as well as concerts in chamber music ensembles, both in Romania and abroad (Romania, Hungary, the Republic of Moldova, and Germany). Among his projects as a concerto soloist, his collaborations with masters such as Peter Oschanitzky, Cristian Sp\u0103taru, and Sebastian Felea stand out.<\/p>\n<p class=\"p1\">Peter Tradnik has participated in numerous masterclasses given by prestigious musical figures such as Josu de Solaun, Carmen-Daniela Gililov, Eva Pap Zsigmond, Zhihua Tang, Alfredo Ovalles, Christian Zhang, Reinis Zari\u0146\u0161, Miguel \u00c1ngel Laiz, and many others.<\/p>\n<p class=\"p1\">He is the winner of the YMFE \u2013 Bucharest 2020 competition (Yamaha Music Foundation Europe) and a laureate of numerous international piano competitions.<\/p>\n<p class=\"p1\">As part of his doctoral studies, Peter is deepening and researching post-Romantic music, with a particular interest in the work of composer Nikolai Medtner. His most recent solo recitals have been conceptual projects in this direction (\u201cMedtner vs. Brahms\u201d; \u201cEchoes of the Romantic in the 20th Century\u201d).<\/p>\n<p>[\/et_pb_text][\/et_pb_column][\/et_pb_row][et_pb_row _builder_version=&#8221;4.27.6&#8243; _module_preset=&#8221;default&#8221; global_colors_info=&#8221;{}&#8221; theme_builder_area=&#8221;post_content&#8221;][et_pb_column type=&#8221;4_4&#8243; _builder_version=&#8221;4.27.6&#8243; _module_preset=&#8221;default&#8221; global_colors_info=&#8221;{}&#8221; theme_builder_area=&#8221;post_content&#8221;][et_pb_button button_url=&#8221;@ET-DC@eyJkeW5hbWljIjp0cnVlLCJjb250ZW50IjoicG9zdF9saW5rX3VybF9wYWdlIiwic2V0dGluZ3MiOnsicG9zdF9pZCI6IjE0MyJ9fQ==@&#8221; button_text=&#8221;Back to the jury&#8221; button_alignment=&#8221;center&#8221; _builder_version=&#8221;4.27.6&#8243; _dynamic_attributes=&#8221;button_url&#8221; _module_preset=&#8221;default&#8221; global_colors_info=&#8221;{}&#8221; theme_builder_area=&#8221;post_content&#8221;][\/et_pb_button][\/et_pb_column][\/et_pb_row][\/et_pb_section]<\/p>\n","protected":false},"excerpt":{"rendered":"<p>Peter TradnikHe attended the Petro\u0219ani Middle School of Music, studying piano with professors Cristina Fenici and Natalia Amarie. He is a graduate of the \u201cSigismund Todu\u021b\u0103\u201d Art High School in Deva, where he studied piano with Doina Ona. In 2023, he completed his master\u2019s studies at the Faculty of Music and Theatre of the West [&hellip;]<\/p>\n","protected":false},"author":1,"featured_media":0,"parent":1129,"menu_order":0,"comment_status":"closed","ping_status":"closed","template":"","meta":{"_et_pb_use_builder":"on","_et_pb_old_content":"","_et_gb_content_width":"","footnotes":""},"class_list":["post-1501","page","type-page","status-publish","hentry"],"yoast_head":"<!-- This site is optimized with the Yoast SEO plugin v27.3 - https:\/\/yoast.com\/product\/yoast-seo-wordpress\/ -->\n<title>Peter Tradnik - Alma Cornea Ionescu<\/title>\n<meta name=\"robots\" content=\"index, follow, max-snippet:-1, max-image-preview:large, max-video-preview:-1\" \/>\n<link rel=\"canonical\" href=\"https:\/\/almacorneaionescu.ro\/en\/jury\/peter-tradnik\/\" \/>\n<meta property=\"og:locale\" content=\"en_US\" \/>\n<meta property=\"og:type\" content=\"article\" \/>\n<meta property=\"og:title\" content=\"Peter Tradnik - Alma Cornea Ionescu\" \/>\n<meta property=\"og:description\" content=\"Peter TradnikHe attended the Petro\u0219ani Middle School of Music, studying piano with professors Cristina Fenici and Natalia Amarie. He is a graduate of the \u201cSigismund Todu\u021b\u0103\u201d Art High School in Deva, where he studied piano with Doina Ona. In 2023, he completed his master\u2019s studies at the Faculty of Music and Theatre of the West [&hellip;]\" \/>\n<meta property=\"og:url\" content=\"https:\/\/almacorneaionescu.ro\/en\/jury\/peter-tradnik\/\" \/>\n<meta property=\"og:site_name\" content=\"Alma Cornea Ionescu\" \/>\n<meta property=\"article:modified_time\" content=\"2026-04-13T14:53:15+00:00\" \/>\n<meta name=\"twitter:card\" content=\"summary_large_image\" \/>\n<meta name=\"twitter:label1\" content=\"Est. reading time\" \/>\n\t<meta name=\"twitter:data1\" content=\"3 minutes\" \/>\n<script type=\"application\/ld+json\" class=\"yoast-schema-graph\">{\"@context\":\"https:\\\/\\\/schema.org\",\"@graph\":[{\"@type\":\"WebPage\",\"@id\":\"https:\\\/\\\/almacorneaionescu.ro\\\/en\\\/jury\\\/peter-tradnik\\\/\",\"url\":\"https:\\\/\\\/almacorneaionescu.ro\\\/en\\\/jury\\\/peter-tradnik\\\/\",\"name\":\"Peter Tradnik - Alma Cornea Ionescu\",\"isPartOf\":{\"@id\":\"https:\\\/\\\/almacorneaionescu.ro\\\/#website\"},\"datePublished\":\"2026-04-03T16:28:40+00:00\",\"dateModified\":\"2026-04-13T14:53:15+00:00\",\"breadcrumb\":{\"@id\":\"https:\\\/\\\/almacorneaionescu.ro\\\/en\\\/jury\\\/peter-tradnik\\\/#breadcrumb\"},\"inLanguage\":\"en-US\",\"potentialAction\":[{\"@type\":\"ReadAction\",\"target\":[\"https:\\\/\\\/almacorneaionescu.ro\\\/en\\\/jury\\\/peter-tradnik\\\/\"]}]},{\"@type\":\"BreadcrumbList\",\"@id\":\"https:\\\/\\\/almacorneaionescu.ro\\\/en\\\/jury\\\/peter-tradnik\\\/#breadcrumb\",\"itemListElement\":[{\"@type\":\"ListItem\",\"position\":1,\"name\":\"Prima pagin\u0103\",\"item\":\"https:\\\/\\\/almacorneaionescu.ro\\\/\"},{\"@type\":\"ListItem\",\"position\":2,\"name\":\"Jury\",\"item\":\"https:\\\/\\\/almacorneaionescu.ro\\\/en\\\/jury\\\/\"},{\"@type\":\"ListItem\",\"position\":3,\"name\":\"Peter Tradnik\"}]},{\"@type\":\"WebSite\",\"@id\":\"https:\\\/\\\/almacorneaionescu.ro\\\/#website\",\"url\":\"https:\\\/\\\/almacorneaionescu.ro\\\/\",\"name\":\"Alma Cornea Ionescu\",\"description\":\"International piano competition\",\"potentialAction\":[{\"@type\":\"SearchAction\",\"target\":{\"@type\":\"EntryPoint\",\"urlTemplate\":\"https:\\\/\\\/almacorneaionescu.ro\\\/?s={search_term_string}\"},\"query-input\":{\"@type\":\"PropertyValueSpecification\",\"valueRequired\":true,\"valueName\":\"search_term_string\"}}],\"inLanguage\":\"en-US\"}]}<\/script>\n<!-- \/ Yoast SEO plugin. -->","yoast_head_json":{"title":"Peter Tradnik - Alma Cornea Ionescu","robots":{"index":"index","follow":"follow","max-snippet":"max-snippet:-1","max-image-preview":"max-image-preview:large","max-video-preview":"max-video-preview:-1"},"canonical":"https:\/\/almacorneaionescu.ro\/en\/jury\/peter-tradnik\/","og_locale":"en_US","og_type":"article","og_title":"Peter Tradnik - Alma Cornea Ionescu","og_description":"Peter TradnikHe attended the Petro\u0219ani Middle School of Music, studying piano with professors Cristina Fenici and Natalia Amarie. He is a graduate of the \u201cSigismund Todu\u021b\u0103\u201d Art High School in Deva, where he studied piano with Doina Ona. In 2023, he completed his master\u2019s studies at the Faculty of Music and Theatre of the West [&hellip;]","og_url":"https:\/\/almacorneaionescu.ro\/en\/jury\/peter-tradnik\/","og_site_name":"Alma Cornea Ionescu","article_modified_time":"2026-04-13T14:53:15+00:00","twitter_card":"summary_large_image","twitter_misc":{"Est. reading time":"3 minutes"},"schema":{"@context":"https:\/\/schema.org","@graph":[{"@type":"WebPage","@id":"https:\/\/almacorneaionescu.ro\/en\/jury\/peter-tradnik\/","url":"https:\/\/almacorneaionescu.ro\/en\/jury\/peter-tradnik\/","name":"Peter Tradnik - Alma Cornea Ionescu","isPartOf":{"@id":"https:\/\/almacorneaionescu.ro\/#website"},"datePublished":"2026-04-03T16:28:40+00:00","dateModified":"2026-04-13T14:53:15+00:00","breadcrumb":{"@id":"https:\/\/almacorneaionescu.ro\/en\/jury\/peter-tradnik\/#breadcrumb"},"inLanguage":"en-US","potentialAction":[{"@type":"ReadAction","target":["https:\/\/almacorneaionescu.ro\/en\/jury\/peter-tradnik\/"]}]},{"@type":"BreadcrumbList","@id":"https:\/\/almacorneaionescu.ro\/en\/jury\/peter-tradnik\/#breadcrumb","itemListElement":[{"@type":"ListItem","position":1,"name":"Prima pagin\u0103","item":"https:\/\/almacorneaionescu.ro\/"},{"@type":"ListItem","position":2,"name":"Jury","item":"https:\/\/almacorneaionescu.ro\/en\/jury\/"},{"@type":"ListItem","position":3,"name":"Peter Tradnik"}]},{"@type":"WebSite","@id":"https:\/\/almacorneaionescu.ro\/#website","url":"https:\/\/almacorneaionescu.ro\/","name":"Alma Cornea Ionescu","description":"International piano competition","potentialAction":[{"@type":"SearchAction","target":{"@type":"EntryPoint","urlTemplate":"https:\/\/almacorneaionescu.ro\/?s={search_term_string}"},"query-input":{"@type":"PropertyValueSpecification","valueRequired":true,"valueName":"search_term_string"}}],"inLanguage":"en-US"}]}},"_links":{"self":[{"href":"https:\/\/almacorneaionescu.ro\/en\/wp-json\/wp\/v2\/pages\/1501","targetHints":{"allow":["GET"]}}],"collection":[{"href":"https:\/\/almacorneaionescu.ro\/en\/wp-json\/wp\/v2\/pages"}],"about":[{"href":"https:\/\/almacorneaionescu.ro\/en\/wp-json\/wp\/v2\/types\/page"}],"author":[{"embeddable":true,"href":"https:\/\/almacorneaionescu.ro\/en\/wp-json\/wp\/v2\/users\/1"}],"replies":[{"embeddable":true,"href":"https:\/\/almacorneaionescu.ro\/en\/wp-json\/wp\/v2\/comments?post=1501"}],"version-history":[{"count":2,"href":"https:\/\/almacorneaionescu.ro\/en\/wp-json\/wp\/v2\/pages\/1501\/revisions"}],"predecessor-version":[{"id":1503,"href":"https:\/\/almacorneaionescu.ro\/en\/wp-json\/wp\/v2\/pages\/1501\/revisions\/1503"}],"up":[{"embeddable":true,"href":"https:\/\/almacorneaionescu.ro\/en\/wp-json\/wp\/v2\/pages\/1129"}],"wp:attachment":[{"href":"https:\/\/almacorneaionescu.ro\/en\/wp-json\/wp\/v2\/media?parent=1501"}],"curies":[{"name":"wp","href":"https:\/\/api.w.org\/{rel}","templated":true}]}}

<p>[et_pb_section fb_built=&#8221;1&#8243; admin_label=&#8221;Header&#8221; _builder_version=&#8221;4.27.4&#8243; background_enable_image=&#8221;off&#8221; background_size=&#8221;initial&#8221; background_repeat=&#8221;repeat&#8221; global_colors_info=&#8221;{}&#8221; theme_builder_area=&#8221;post_content&#8221;][et_pb_row custom_padding_last_edited=&#8221;off|phone&#8221; disabled_on=&#8221;off|off|off&#8221; _builder_version=&#8221;4.27.6&#8243; background_position=&#8221;bottom_center&#8221; custom_padding_tablet=&#8221;17vw||17vw||false&#8221; use_custom_width=&#8221;on&#8221; width_unit=&#8221;off&#8221; custom_width_percent=&#8221;100%&#8221; locked=&#8221;off&#8221; global_colors_info=&#8221;{}&#8221; theme_builder_area=&#8221;post_content&#8221;][et_pb_column type=&#8221;4_4&#8243; _builder_version=&#8221;4.16&#8243; custom_padding=&#8221;|||&#8221; global_colors_info=&#8221;{}&#8221; custom_padding__hover=&#8221;|||&#8221; theme_builder_area=&#8221;post_content&#8221;][et_pb_image src=&#8221;https://almacorneaionescu.ro/wp-content/uploads/2026/04/Peter-Tradnik-copy.webp&#8221; title_text=&#8221;Peter Tradnik copy&#8221; align=&#8221;center&#8221; _builder_version=&#8221;4.27.6&#8243; _module_preset=&#8221;default&#8221; width=&#8221;320px&#8221; max_width=&#8221;320px&#8221; height=&#8221;320px&#8221; max_height=&#8221;320px&#8221; hover_enabled=&#8221;0&#8243; border_radii=&#8221;on|200px|200px|200px|200px&#8221; global_colors_info=&#8221;{}&#8221; theme_builder_area=&#8221;post_content&#8221; sticky_enabled=&#8221;0&#8243;][/et_pb_image][et_pb_text _builder_version=&#8221;4.27.6&#8243; text_font=&#8221;||||||||&#8221; header_font=&#8221;|500|||||||&#8221; header_text_align=&#8221;center&#8221; transform_translate_linked=&#8221;off&#8221; max_width=&#8221;100%&#8221; max_width_tablet=&#8221;70%&#8221; max_width_last_edited=&#8221;off|phone&#8221; header_font_size_tablet=&#8221;&#8221; header_font_size_phone=&#8221;&#8221; header_font_size_last_edited=&#8221;on|phone&#8221; global_colors_info=&#8221;{}&#8221; theme_builder_area=&#8221;post_content&#8221;]</p>
<h1 class="et_pb_module_header" style="text-align: center;">Peter Tradnik</h1>
<p>[/et_pb_text][/et_pb_column][/et_pb_row][et_pb_row _builder_version=&#8221;4.16&#8243; global_colors_info=&#8221;{}&#8221; theme_builder_area=&#8221;post_content&#8221;][et_pb_column type=&#8221;4_4&#8243; _builder_version=&#8221;4.16&#8243; custom_padding=&#8221;|||&#8221; global_colors_info=&#8221;{}&#8221; custom_padding__hover=&#8221;|||&#8221; theme_builder_area=&#8221;post_content&#8221;][et_pb_text _builder_version=&#8221;4.27.6&#8243; text_font=&#8221;||||||||&#8221; header_font=&#8221;||||||||&#8221; module_alignment=&#8221;center&#8221; global_colors_info=&#8221;{}&#8221; theme_builder_area=&#8221;post_content&#8221;]</p>
<p class="p1">He attended the Petroșani Middle School of Music, studying piano with professors Cristina Fenici and Natalia Amarie. He is a graduate of the “Sigismund Toduță” Art High School in Deva, where he studied piano with Doina Ona. In 2023, he completed his master’s studies at the Faculty of Music and Theatre of the West University of Timișoara, where he studied piano in the class of Prof. Univ. Dr. habil. Manuela Mihăilescu. He is currently an associate lecturer and a doctoral candidate at the same institution.</p>
<p class="p1">Since 2022, he has been a piano teacher at the “Ion Vidu” Art High School in Timișoara, and since 2024 he has been an associate lecturer at the Faculty of Music and Theatre of the West University of Timișoara.</p>
<p class="p1">He has an extensive activity both pedagogically and as a performer, giving numerous solo recitals as well as concerts in chamber music ensembles, both in Romania and abroad (Romania, Hungary, the Republic of Moldova, and Germany). Among his projects as a concerto soloist, his collaborations with masters such as Peter Oschanitzky, Cristian Spătaru, and Sebastian Felea stand out.</p>
<p class="p1">Peter Tradnik has participated in numerous masterclasses given by prestigious musical figures such as Josu de Solaun, Carmen-Daniela Gililov, Eva Pap Zsigmond, Zhihua Tang, Alfredo Ovalles, Christian Zhang, Reinis Zariņš, Miguel Ángel Laiz, and many others.</p>
<p class="p1">He is the winner of the YMFE – Bucharest 2020 competition (Yamaha Music Foundation Europe) and a laureate of numerous international piano competitions.</p>
<p class="p1">As part of his doctoral studies, Peter is deepening and researching post-Romantic music, with a particular interest in the work of composer Nikolai Medtner. His most recent solo recitals have been conceptual projects in this direction (“Medtner vs. Brahms”; “Echoes of the Romantic in the 20th Century”).</p>
<p>[/et_pb_text][/et_pb_column][/et_pb_row][et_pb_row _builder_version=&#8221;4.27.6&#8243; _module_preset=&#8221;default&#8221; global_colors_info=&#8221;{}&#8221; theme_builder_area=&#8221;post_content&#8221;][et_pb_column type=&#8221;4_4&#8243; _builder_version=&#8221;4.27.6&#8243; _module_preset=&#8221;default&#8221; global_colors_info=&#8221;{}&#8221; theme_builder_area=&#8221;post_content&#8221;][et_pb_button button_url=&#8221;@ET-DC@eyJkeW5hbWljIjp0cnVlLCJjb250ZW50IjoicG9zdF9saW5rX3VybF9wYWdlIiwic2V0dGluZ3MiOnsicG9zdF9pZCI6IjE0MyJ9fQ==@&#8221; button_text=&#8221;Back to the jury&#8221; button_alignment=&#8221;center&#8221; _builder_version=&#8221;4.27.6&#8243; _dynamic_attributes=&#8221;button_url&#8221; _module_preset=&#8221;default&#8221; global_colors_info=&#8221;{}&#8221; theme_builder_area=&#8221;post_content&#8221;][/et_pb_button][/et_pb_column][/et_pb_row][/et_pb_section]</p>

<p>Peter TradnikHe attended the Petroșani Middle School of Music, studying piano with professors Cristina Fenici and Natalia Amarie. He is a graduate of the “Sigismund Toduță” Art High School in Deva, where he studied piano with Doina Ona. In 2023, he completed his master’s studies at the Faculty of Music and Theatre of the West [&hellip;]</p>

<!-- This site is optimized with the Yoast SEO plugin v27.3 - https://yoast.com/product/yoast-seo-wordpress/ -->
<title>Peter Tradnik - Alma Cornea Ionescu</title>
<meta name="robots" content="index, follow, max-snippet:-1, max-image-preview:large, max-video-preview:-1" />
<link rel="canonical" href="https://almacorneaionescu.ro/en/jury/peter-tradnik/" />
<meta property="og:locale" content="en_US" />
<meta property="og:type" content="article" />
<meta property="og:title" content="Peter Tradnik - Alma Cornea Ionescu" />
<meta property="og:description" content="Peter TradnikHe attended the Petroșani Middle School of Music, studying piano with professors Cristina Fenici and Natalia Amarie. He is a graduate of the “Sigismund Toduță” Art High School in Deva, where he studied piano with Doina Ona. In 2023, he completed his master’s studies at the Faculty of Music and Theatre of the West [&hellip;]" />
<meta property="og:url" content="https://almacorneaionescu.ro/en/jury/peter-tradnik/" />
<meta property="og:site_name" content="Alma Cornea Ionescu" />
<meta property="article:modified_time" content="2026-04-13T14:53:15+00:00" />
<meta name="twitter:card" content="summary_large_image" />
<meta name="twitter:label1" content="Est. reading time" />
	<meta name="twitter:data1" content="3 minutes" />
<script type="application/ld+json" class="yoast-schema-graph">{"@context":"https:\/\/schema.org","@graph":[{"@type":"WebPage","@id":"https:\/\/almacorneaionescu.ro\/en\/jury\/peter-tradnik\/","url":"https:\/\/almacorneaionescu.ro\/en\/jury\/peter-tradnik\/","name":"Peter Tradnik - Alma Cornea Ionescu","isPartOf":{"@id":"https:\/\/almacorneaionescu.ro\/#website"},"datePublished":"2026-04-03T16:28:40+00:00","dateModified":"2026-04-13T14:53:15+00:00","breadcrumb":{"@id":"https:\/\/almacorneaionescu.ro\/en\/jury\/peter-tradnik\/#breadcrumb"},"inLanguage":"en-US","potentialAction":[{"@type":"ReadAction","target":["https:\/\/almacorneaionescu.ro\/en\/jury\/peter-tradnik\/"]}]},{"@type":"BreadcrumbList","@id":"https:\/\/almacorneaionescu.ro\/en\/jury\/peter-tradnik\/#breadcrumb","itemListElement":[{"@type":"ListItem","position":1,"name":"Prima pagină","item":"https:\/\/almacorneaionescu.ro\/"},{"@type":"ListItem","position":2,"name":"Jury","item":"https:\/\/almacorneaionescu.ro\/en\/jury\/"},{"@type":"ListItem","position":3,"name":"Peter Tradnik"}]},{"@type":"WebSite","@id":"https:\/\/almacorneaionescu.ro\/#website","url":"https:\/\/almacorneaionescu.ro\/","name":"Alma Cornea Ionescu","description":"International piano competition","potentialAction":[{"@type":"SearchAction","target":{"@type":"EntryPoint","urlTemplate":"https:\/\/almacorneaionescu.ro\/?s={search_term_string}"},"query-input":{"@type":"PropertyValueSpecification","valueRequired":true,"valueName":"search_term_string"}}],"inLanguage":"en-US"}]}</script>
<!-- / Yoast SEO plugin. -->

Peter TradnikHe attended the Petroșani Middle School of Music, studying piano with professors Cristina Fenici and Natalia Amarie. He is a graduate of the “Sigismund Toduță” Art High School in Deva, where he studied piano with Doina Ona. In 2023, he completed his master’s studies at the Faculty of Music and Theatre of the West [&hellip;]

Prima pagină
